
{"id":572,"date":"2018-06-18T13:09:42","date_gmt":"2018-06-18T11:09:42","guid":{"rendered":"http:\/\/wellexpo.select-themes.com\/?page_id=572"},"modified":"2025-01-06T13:14:11","modified_gmt":"2025-01-06T12:14:11","slug":"a-propos","status":"publish","type":"page","link":"https:\/\/sef243.com\/sef\/index.php\/a-propos\/","title":{"rendered":"A propos"},"content":{"rendered":"<p>[vc_row row_content_width=\u00a0\u00bbgrid\u00a0\u00bb css=\u00a0\u00bb.vc_custom_1529333339392{padding-top: 110px !important;}\u00a0\u00bb][vc_column offset=\u00a0\u00bbvc_col-lg-offset-0 vc_col-lg-6 vc_col-md-offset-0 vc_col-md-12 vc_col-sm-offset-0 vc_col-xs-12&Prime;]<div class=\"qodef-elements-holder   qodef-one-column  qodef-responsive-mode-768 \" ><div class=\"qodef-eh-item     \" data-item-class=\"qodef-eh-custom-6718\" data-1367-1600=\"67px 0px 0px 0px\" data-1025-1366=\"67px 0px 0px 0px\" data-769-1024=\"67px 0px 65px 0px\">\n\t\t<div class=\"qodef-eh-item-inner\">\n\t\t<div class=\"qodef-eh-item-content qodef-eh-custom-6718\" style=\"padding: 67px 0px 0px 0px\">\n\t\t\t<div class=\"qodef-section-title-holder   qodef-st-title-left qodef-st-normal-space qodef-st-with-animation\" >\n\t<div class=\"qodef-st-inner\">\n\t\t\t\t\t\t\t<div class=\"qodef-st-title-wrapper\">\n\t\t\t\t<h2 class=\"qodef-st-title\" >\n\t\t\t\t\tLe rendez-vous annuel\t\t\t\t<\/h2>\n\t\t\t<\/div>\n\t\t\t\t\t<\/div>\n<\/div>[vc_empty_space height=\u00a0\u00bb18px\u00a0\u00bb][vc_column_text]<\/p>\n<div class=\"content\" tabindex=\"0\" aria-description=\"\">\n<div class=\"ac-container ac-adaptiveCard\">\n<div class=\"ac-textBlock\">\n<p>Chaque ann\u00e9e, le <strong>SEF<\/strong>\u00a0r\u00e9unit les acteurs majeurs de la <strong>finance digitale<\/strong>, de l\u2019<strong>\u00e9conomie num\u00e9rique<\/strong> et de l\u2019<strong>\u00e9cosyst\u00e8me digital en Afrique Centrale<\/strong>. Cet \u00e9v\u00e9nement incontournable est un lieu de convergence pour les passionn\u00e9s, les curieux, les clients en qu\u00eate de solutions, ainsi que les porteurs de projets innovants.<\/p>\n<p>Dans le contexte de la <strong>r\u00e9volution num\u00e9rique mondiale<\/strong>, qui s\u2019\u00e9tend inexorablement jusqu\u2019en Afrique Centrale, le SEF se positionne comme le cadre id\u00e9al de rencontre et d\u2019\u00e9change entre divers acteurs de l\u2019\u00e9cosyst\u00e8me digital. Parmi eux, on compte des repr\u00e9sentants des secteurs bancaires et financiers, des \u00e9metteurs de monnaie \u00e9lectronique, des int\u00e9grateurs, des agr\u00e9gateurs, des soci\u00e9t\u00e9s de t\u00e9l\u00e9communication et des start-ups. Ce salon unique rassemble des innovateurs, des entrepreneurs et des leaders d\u2019opinion de toute la r\u00e9gion, offrant une opportunit\u00e9 sans pareille pour d\u00e9couvrir les derni\u00e8res tendances en mati\u00e8re\u00a0de <strong>technologie financi\u00e8re<\/strong>.<\/p>\n<p>L\u2019importance du SEF ne saurait \u00eatre minimis\u00e9e. Il joue un r\u00f4le crucial dans la stimulation de l\u2019innovation, la promotion du partage des connaissances et le renforcement des liens entre les acteurs cl\u00e9s de l\u2019\u00e9cosyst\u00e8me. De plus, il met en lumi\u00e8re les incroyables opportunit\u00e9s que l&rsquo;\u00e9conomie num\u00e9rique et l&rsquo;inclusion financi\u00e8re peuvent offrir \u00e0 l\u2019Afrique centrale, contribuant ainsi \u00e0 stimuler la croissance \u00e9conomique et \u00e0 am\u00e9liorer la qualit\u00e9 de vie des populations.<\/p>\n<\/div>\n<\/div>\n<\/div>\n<p>[\/vc_column_text][vc_empty_space][vc_empty_space]\t\t<\/div>\n\t<\/div>\n\t<\/div><\/div>[\/vc_column][vc_column offset=\u00a0\u00bbvc_col-lg-offset-0 vc_col-lg-6 vc_col-md-offset-0 vc_col-md-12 vc_col-sm-offset-0 vc_col-xs-12&Prime;]<div class=\"qodef-single-image-holder   \">\n    <div class=\"qodef-si-inner\" >\n                                    <img loading=\"lazy\" decoding=\"async\" width=\"603\" height=\"596\" src=\"https:\/\/sef243.com\/sef\/wp-content\/uploads\/2024\/02\/Untitled-design-38.jpg\" class=\"attachment-full size-full\" alt=\"\" srcset=\"https:\/\/sef243.com\/sef\/wp-content\/uploads\/2024\/02\/Untitled-design-38.jpg 603w, https:\/\/sef243.com\/sef\/wp-content\/uploads\/2024\/02\/Untitled-design-38-300x297.jpg 300w, https:\/\/sef243.com\/sef\/wp-content\/uploads\/2024\/02\/Untitled-design-38-600x593.jpg 600w, https:\/\/sef243.com\/sef\/wp-content\/uploads\/2024\/02\/Untitled-design-38-100x100.jpg 100w\" sizes=\"auto, (max-width: 603px) 100vw, 603px\" \/>                        <\/div>\n<\/div>[\/vc_column][\/vc_row][vc_row][vc_column css=\u00a0\u00bb.vc_custom_1529055021087{margin-top: 0px !important;padding-top: 0px !important;}\u00a0\u00bb][vc_widget_sidebar sidebar_id=\u00a0\u00bbmain-home-instagram-widget\u00a0\u00bb][\/vc_column][\/vc_row]<\/p>\n","protected":false},"excerpt":{"rendered":"<p>[vc_row row_content_width=\u00a0\u00bbgrid\u00a0\u00bb css=\u00a0\u00bb.vc_custom_1529333339392{padding-top: 110px !important;}\u00a0\u00bb][vc_column offset=\u00a0\u00bbvc_col-lg-offset-0 vc_col-lg-6 vc_col-md-offset-0 vc_col-md-12 vc_col-sm-offset-0 vc_col-xs-12&Prime;][\/vc_column][vc_column offset=\u00a0\u00bbvc_col-lg-offset-0 vc_col-lg-6 vc_col-md-offset-0 vc_col-md-12 vc_col-sm-offset-0 vc_col-xs-12&Prime;][\/vc_column][\/vc_row][vc_row][vc_column css=\u00a0\u00bb.vc_custom_1529055021087{margin-top: 0px !important;padding-top: 0px !important;}\u00a0\u00bb][vc_widget_sidebar sidebar_id=\u00a0\u00bbmain-home-instagram-widget\u00a0\u00bb][\/vc_column][\/vc_row]<\/p>\n","protected":false},"author":1,"featured_media":0,"parent":0,"menu_order":0,"comment_status":"closed","ping_status":"closed","template":"full-width.php","meta":{"footnotes":""},"class_list":["post-572","page","type-page","status-publish","hentry"],"_links":{"self":[{"href":"https:\/\/sef243.com\/sef\/index.php\/wp-json\/wp\/v2\/pages\/572","targetHints":{"allow":["GET"]}}],"collection":[{"href":"https:\/\/sef243.com\/sef\/index.php\/wp-json\/wp\/v2\/pages"}],"about":[{"href":"https:\/\/sef243.com\/sef\/index.php\/wp-json\/wp\/v2\/types\/page"}],"author":[{"embeddable":true,"href":"https:\/\/sef243.com\/sef\/index.php\/wp-json\/wp\/v2\/users\/1"}],"replies":[{"embeddable":true,"href":"https:\/\/sef243.com\/sef\/index.php\/wp-json\/wp\/v2\/comments?post=572"}],"version-history":[{"count":41,"href":"https:\/\/sef243.com\/sef\/index.php\/wp-json\/wp\/v2\/pages\/572\/revisions"}],"predecessor-version":[{"id":4283,"href":"https:\/\/sef243.com\/sef\/index.php\/wp-json\/wp\/v2\/pages\/572\/revisions\/4283"}],"wp:attachment":[{"href":"https:\/\/sef243.com\/sef\/index.php\/wp-json\/wp\/v2\/media?parent=572"}],"curies":[{"name":"wp","href":"https:\/\/api.w.org\/{rel}","templated":true}]}}